{"id":16092,"date":"2022-02-18T10:53:04","date_gmt":"2022-02-18T13:53:04","guid":{"rendered":"https:\/\/colegioinmaculada.com.ar\/portal\/?page_id=16092"},"modified":"2022-02-18T10:56:35","modified_gmt":"2022-02-18T13:56:35","slug":"uniformes","status":"publish","type":"page","link":"https:\/\/colegioinmaculada.com.ar\/portal\/uniformes\/","title":{"rendered":"UNIFORMES NIVEL SECUNDARIO"},"content":{"rendered":"<h2>UNIFORMES 2022<\/h2>\n<p>Les recordamos que el uniforme escolar para todos los estudiantes a partir del ciclo lectivo 2022 ser\u00e1:<br \/>\nChomba mangas cortas piqu\u00e9 blanca, cuello azul con filetes color oro y blanco, escudo del colegio.<br \/>\n<strong>Pantal\u00f3n: de vestir gris o pantal\u00f3n gabardina gris (corte tipo jean)<\/strong><br \/>\n<strong>Medias: Azul marino<\/strong><br \/>\n<strong>Zapatos: Negros o marrones oscuros<\/strong><br \/>\n<strong>Abrigos: Campera polar o twintex azul marino, cierre entero y escudo bordado.<\/strong><br \/>\n<strong>Equipo de Educaci\u00f3n F\u00edsica: Remera piqu\u00e9 blanca o remera blanca lisa con logo , jogging frisa azul marino, short <\/strong><strong>blanco o azul.<\/strong> Para los d\u00edas de calor en el Carmelo. Los estudiantes no pueden venir de short a la Instituci\u00f3n, medias blancas, zapatillas azules, blancas o negras.<br \/>\nEl uniforme puede conseguirse en Asrin Sport o en Cover`s House.<\/p>\n<p>Con la finalidad de trabajar la pedagog\u00eda del cuidado es que como Instituci\u00f3n educativa hemos acordado el<br \/>\n<strong>cambio de las polleras a pantal\u00f3n<\/strong>. Este cambio comenzar\u00e1 a regir en el ciclo 2022.<\/p>\n<p>Aprovechamos la oportunidad para recordar la importancia del cumplimiento del uniforme por cada uno de los<br \/>\nestudiantes: Las exigencias acerca del uso del uniforme y de la presentaci\u00f3n personal son parte de la misi\u00f3n<br \/>\neducativa del Colegio. El uniforme es un signo de unidad e igualdad, y expresi\u00f3n externa de adhesi\u00f3n a los<br \/>\nvalores que el Colegio sostiene. Su uso en todas las actividades escolares, dentro y fuera del Colegio, es<br \/>\nobligatorio. La correcta presentaci\u00f3n personal es expresi\u00f3n de cortes\u00eda y contribuye a una adecuada socializaci\u00f3n.<br \/>\nEl uso del uniforme reglamentario y la correcta presentaci\u00f3n personal son las condiciones exigidas para el ingreso y<br \/>\npermanencia del alumno en el establecimiento.<\/p>\n<p>Los saludamos en Paz y Bien.<br \/>\nEquipo Directivo<\/p>\n","protected":false},"excerpt":{"rendered":"<p>UNIFORMES 2022 Les recordamos que el uniforme escolar para todos los estudiantes a partir del ciclo lectivo 2022 ser\u00e1: Chomba mangas cortas piqu\u00e9 blanca, cuello azul con filetes color oro y blanco, escudo del colegio. Pantal\u00f3n: de vestir gris o pantal\u00f3n gabardina gris (corte tipo jean) Medias: Azul marino Zapatos: Negros o marrones oscuros Abrigos: [&hellip;]<\/p>\n","protected":false},"author":3,"featured_media":0,"parent":0,"menu_order":0,"comment_status":"closed","ping_status":"closed","template":"","meta":{"_acf_changed":false,"footnotes":""},"class_list":["post-16092","page","type-page","status-publish","hentry"],"acf":[],"_links":{"self":[{"href":"https:\/\/colegioinmaculada.com.ar\/portal\/wp-json\/wp\/v2\/pages\/16092","targetHints":{"allow":["GET"]}}],"collection":[{"href":"https:\/\/colegioinmaculada.com.ar\/portal\/wp-json\/wp\/v2\/pages"}],"about":[{"href":"https:\/\/colegioinmaculada.com.ar\/portal\/wp-json\/wp\/v2\/types\/page"}],"author":[{"embeddable":true,"href":"https:\/\/colegioinmaculada.com.ar\/portal\/wp-json\/wp\/v2\/users\/3"}],"replies":[{"embeddable":true,"href":"https:\/\/colegioinmaculada.com.ar\/portal\/wp-json\/wp\/v2\/comments?post=16092"}],"version-history":[{"count":2,"href":"https:\/\/colegioinmaculada.com.ar\/portal\/wp-json\/wp\/v2\/pages\/16092\/revisions"}],"predecessor-version":[{"id":16095,"href":"https:\/\/colegioinmaculada.com.ar\/portal\/wp-json\/wp\/v2\/pages\/16092\/revisions\/16095"}],"wp:attachment":[{"href":"https:\/\/colegioinmaculada.com.ar\/portal\/wp-json\/wp\/v2\/media?parent=16092"}],"curies":[{"name":"wp","href":"https:\/\/api.w.org\/{rel}","templated":true}]}}

<h2>UNIFORMES 2022</h2>
<p>Les recordamos que el uniforme escolar para todos los estudiantes a partir del ciclo lectivo 2022 será:<br />
Chomba mangas cortas piqué blanca, cuello azul con filetes color oro y blanco, escudo del colegio.<br />
<strong>Pantalón: de vestir gris o pantalón gabardina gris (corte tipo jean)</strong><br />
<strong>Medias: Azul marino</strong><br />
<strong>Zapatos: Negros o marrones oscuros</strong><br />
<strong>Abrigos: Campera polar o twintex azul marino, cierre entero y escudo bordado.</strong><br />
<strong>Equipo de Educación Física: Remera piqué blanca o remera blanca lisa con logo , jogging frisa azul marino, short </strong><strong>blanco o azul.</strong> Para los días de calor en el Carmelo. Los estudiantes no pueden venir de short a la Institución, medias blancas, zapatillas azules, blancas o negras.<br />
El uniforme puede conseguirse en Asrin Sport o en Cover`s House.</p>
<p>Con la finalidad de trabajar la pedagogía del cuidado es que como Institución educativa hemos acordado el<br />
<strong>cambio de las polleras a pantalón</strong>. Este cambio comenzará a regir en el ciclo 2022.</p>
<p>Aprovechamos la oportunidad para recordar la importancia del cumplimiento del uniforme por cada uno de los<br />
estudiantes: Las exigencias acerca del uso del uniforme y de la presentación personal son parte de la misión<br />
educativa del Colegio. El uniforme es un signo de unidad e igualdad, y expresión externa de adhesión a los<br />
valores que el Colegio sostiene. Su uso en todas las actividades escolares, dentro y fuera del Colegio, es<br />
obligatorio. La correcta presentación personal es expresión de cortesía y contribuye a una adecuada socialización.<br />
El uso del uniforme reglamentario y la correcta presentación personal son las condiciones exigidas para el ingreso y<br />
permanencia del alumno en el establecimiento.</p>
<p>Los saludamos en Paz y Bien.<br />
Equipo Directivo</p>

<p>UNIFORMES 2022 Les recordamos que el uniforme escolar para todos los estudiantes a partir del ciclo lectivo 2022 será: Chomba mangas cortas piqué blanca, cuello azul con filetes color oro y blanco, escudo del colegio. Pantalón: de vestir gris o pantalón gabardina gris (corte tipo jean) Medias: Azul marino Zapatos: Negros o marrones oscuros Abrigos: [&hellip;]</p>
