{"id":13619,"date":"2021-08-06T12:38:58","date_gmt":"2021-08-06T15:38:58","guid":{"rendered":"https:\/\/colegioinmaculada.com.ar\/portal\/?page_id=13619"},"modified":"2021-08-06T12:45:24","modified_gmt":"2021-08-06T15:45:24","slug":"valores-franciscanos-que-guian-nuestro-camino","status":"publish","type":"page","link":"https:\/\/colegioinmaculada.com.ar\/portal\/valores-franciscanos-que-guian-nuestro-camino\/","title":{"rendered":"VALORES FRANCISCANOS QUE GU\u00cdAN NUESTRO CAMINO"},"content":{"rendered":"<p style=\"text-align: center;\"><span style=\"color: #3b2a2a;\"><strong>PAZ Y BIEN<\/strong><\/span><\/p>\n<p style=\"text-align: center;\">La comunidad educativa se convierte en un instrumento real de paz hacia los dem\u00e1s.<\/p>\n<p style=\"text-align: center;\"><span style=\"color: #3b2a2a;\"><strong>RESPONSABILIDAD<\/strong><\/span><\/p>\n<p style=\"text-align: center;\">La comunidad educativa asume el control de su propia vida, responde por sus actos y cumple con sus obligaciones.<\/p>\n<p style=\"text-align: center;\"><span style=\"color: #3b2a2a;\"><strong>ALEGR\u00cdA<\/strong><\/span><\/p>\n<p style=\"text-align: center;\">De modo que la comunidad educativa viva el encuentro con Dios, el hombre y el mundo, como un don maravilloso.<\/p>\n<p style=\"text-align: center;\"><span style=\"color: #3b2a2a;\"><strong>LA HONESTIDAD<\/strong><\/span><\/p>\n<p style=\"text-align: center;\">En donde la comunidad educativa identifique la armon\u00eda del pensar y el actuar con el ejemplo de San Francisco de As\u00eds.<\/p>\n<p style=\"text-align: center;\"><span style=\"color: #3b2a2a;\"><strong>EL RESPETO POR LA DIFERENCIA<\/strong><\/span><\/p>\n<p style=\"text-align: center;\">En donde la comunidad educativa entienda que no se debe buscar ser comprendido sino comprender.<\/p>\n<p style=\"text-align: center;\"><span style=\"color: #3b2a2a;\"><strong>LA HUMILDAD<\/strong><\/span><\/p>\n<p style=\"text-align: center;\">La comunidad educativa llega a su m\u00e1xima expresi\u00f3n en comuni\u00f3n fraterna.<\/p>\n<p style=\"text-align: center;\"><span style=\"color: #3b2a2a;\"><strong>LA SENCILLEZ<\/strong><\/span><\/p>\n<p style=\"text-align: center;\">Para que la Comunidad educativa descubra que las cosas grandes que reciben est\u00e1n generalmente en las peque\u00f1eces.<\/p>\n<p style=\"text-align: center;\"><span style=\"color: #3b2a2a;\"><strong>FRATERNIDAD<\/strong><\/span><\/p>\n<p style=\"text-align: center;\">La comunidad educativa descubre en el otro un hermano<\/p>\n<p><img loading=\"lazy\" decoding=\"async\" class=\"size-medium wp-image-4087 aligncenter\" src=\"http:\/\/colegioinmaculada.com.ar\/portal\/wp-content\/uploads\/2018\/12\/san-francisco-001-640x236-640x236.png\" alt=\"san-francisco-001-640x236\" width=\"640\" height=\"236\" \/><\/p>\n<p>&nbsp;<\/p>\n","protected":false},"excerpt":{"rendered":"<p>PAZ Y BIEN La comunidad educativa se convierte en un instrumento real de paz hacia los dem\u00e1s. RESPONSABILIDAD La comunidad educativa asume el control de su propia vida, responde por sus actos y cumple con sus obligaciones. ALEGR\u00cdA De modo que la comunidad educativa viva el encuentro con Dios, el hombre y el mundo, como [&hellip;]<\/p>\n","protected":false},"author":4,"featured_media":0,"parent":0,"menu_order":0,"comment_status":"closed","ping_status":"closed","template":"","meta":{"_acf_changed":false,"footnotes":""},"class_list":["post-13619","page","type-page","status-publish","hentry"],"acf":[],"_links":{"self":[{"href":"https:\/\/colegioinmaculada.com.ar\/portal\/wp-json\/wp\/v2\/pages\/13619","targetHints":{"allow":["GET"]}}],"collection":[{"href":"https:\/\/colegioinmaculada.com.ar\/portal\/wp-json\/wp\/v2\/pages"}],"about":[{"href":"https:\/\/colegioinmaculada.com.ar\/portal\/wp-json\/wp\/v2\/types\/page"}],"author":[{"embeddable":true,"href":"https:\/\/colegioinmaculada.com.ar\/portal\/wp-json\/wp\/v2\/users\/4"}],"replies":[{"embeddable":true,"href":"https:\/\/colegioinmaculada.com.ar\/portal\/wp-json\/wp\/v2\/comments?post=13619"}],"version-history":[{"count":3,"href":"https:\/\/colegioinmaculada.com.ar\/portal\/wp-json\/wp\/v2\/pages\/13619\/revisions"}],"predecessor-version":[{"id":13623,"href":"https:\/\/colegioinmaculada.com.ar\/portal\/wp-json\/wp\/v2\/pages\/13619\/revisions\/13623"}],"wp:attachment":[{"href":"https:\/\/colegioinmaculada.com.ar\/portal\/wp-json\/wp\/v2\/media?parent=13619"}],"curies":[{"name":"wp","href":"https:\/\/api.w.org\/{rel}","templated":true}]}}

VALORES FRANCISCANOS QUE GUÍAN NUESTRO CAMINO

<p style="text-align: center;"><span style="color: #3b2a2a;"><strong>PAZ Y BIEN</strong></span></p>
<p style="text-align: center;">La comunidad educativa se convierte en un instrumento real de paz hacia los demás.</p>
<p style="text-align: center;"><span style="color: #3b2a2a;"><strong>RESPONSABILIDAD</strong></span></p>
<p style="text-align: center;">La comunidad educativa asume el control de su propia vida, responde por sus actos y cumple con sus obligaciones.</p>
<p style="text-align: center;"><span style="color: #3b2a2a;"><strong>ALEGRÍA</strong></span></p>
<p style="text-align: center;">De modo que la comunidad educativa viva el encuentro con Dios, el hombre y el mundo, como un don maravilloso.</p>
<p style="text-align: center;"><span style="color: #3b2a2a;"><strong>LA HONESTIDAD</strong></span></p>
<p style="text-align: center;">En donde la comunidad educativa identifique la armonía del pensar y el actuar con el ejemplo de San Francisco de Asís.</p>
<p style="text-align: center;"><span style="color: #3b2a2a;"><strong>EL RESPETO POR LA DIFERENCIA</strong></span></p>
<p style="text-align: center;">En donde la comunidad educativa entienda que no se debe buscar ser comprendido sino comprender.</p>
<p style="text-align: center;"><span style="color: #3b2a2a;"><strong>LA HUMILDAD</strong></span></p>
<p style="text-align: center;">La comunidad educativa llega a su máxima expresión en comunión fraterna.</p>
<p style="text-align: center;"><span style="color: #3b2a2a;"><strong>LA SENCILLEZ</strong></span></p>
<p style="text-align: center;">Para que la Comunidad educativa descubra que las cosas grandes que reciben están generalmente en las pequeñeces.</p>
<p style="text-align: center;"><span style="color: #3b2a2a;"><strong>FRATERNIDAD</strong></span></p>
<p style="text-align: center;">La comunidad educativa descubre en el otro un hermano</p>
<p><img loading="lazy" decoding="async" class="size-medium wp-image-4087 aligncenter" src="http://colegioinmaculada.com.ar/portal/wp-content/uploads/2018/12/san-francisco-001-640x236-640x236.png" alt="san-francisco-001-640x236" width="640" height="236" /></p>
<p>&nbsp;</p>

<p>PAZ Y BIEN La comunidad educativa se convierte en un instrumento real de paz hacia los demás. RESPONSABILIDAD La comunidad educativa asume el control de su propia vida, responde por sus actos y cumple con sus obligaciones. ALEGRÍA De modo que la comunidad educativa viva el encuentro con Dios, el hombre y el mundo, como [&hellip;]</p>
