{"id":13588,"date":"2021-08-06T09:33:46","date_gmt":"2021-08-06T12:33:46","guid":{"rendered":"https:\/\/colegioinmaculada.com.ar\/portal\/?page_id=13588"},"modified":"2025-08-28T08:22:18","modified_gmt":"2025-08-28T11:22:18","slug":"administracion","status":"publish","type":"page","link":"https:\/\/colegioinmaculada.com.ar\/portal\/administracion\/","title":{"rendered":"Administraci\u00f3n"},"content":{"rendered":"<p style=\"text-align: center;\"><strong>HORARIO DE ATENCI\u00d3N<\/strong><\/p>\n<p style=\"text-align: center;\"><strong> 09:00 a 13:00 hs<\/strong><\/p>\n<p style=\"text-align: center;\"><strong>S\u00d3LO CON TURNO.<\/strong><\/p>\n<p style=\"text-align: center;\"><strong>Solicitarlo al (0351) 4217215 \u00f3 4215128<\/strong><\/p>\n<p>&nbsp;<\/p>\n<h1 class=\"title\" style=\"text-align: center;\"><strong>Personal Administrativo<\/strong><\/h1>\n<p style=\"text-align: center;\">Prof. Dr. Claudio A. Sosa<\/p>\n<p style=\"text-align: center;\">Prof. Lucas G\u00f3mez<\/p>\n<p style=\"text-align: center;\">Sr. Marcos G\u00f3mez<\/p>\n<p style=\"text-align: center;\">An. Jorge Castellano<\/p>\n<p style=\"text-align: center;\">Srta. Mar\u00eda M\u00edas<\/p>\n<p style=\"text-align: center;\">_______<\/p>\n<p>&nbsp;<\/p>\n<p style=\"text-align: center;\"><strong>ACCESO A AUTOGESTI\u00d3N DE ALUMNOS<\/strong><\/p>\n<p style=\"text-align: center;\"><a href=\"http:\/\/f03b0f7f34cc.sn.mynetname.net\/cursos\/ingreso.asp\" target=\"_blank\" rel=\"noopener\">AUTOGESTI\u00d3N DE ALUMNOS<\/a><\/p>\n<p style=\"text-align: center;\">_______<\/p>\n<p style=\"text-align: center;\"><strong>ACCESO A AUTOGESTI\u00d3N DE DOCENTES<\/strong><\/p>\n<p style=\"text-align: center;\"><a href=\"http:\/\/colegioinmaculada.com.ar\/haberes\/\" target=\"_blank\" rel=\"noopener\">AUTOGESTI\u00d3N DE DOCENTES<\/a><\/p>\n<p style=\"text-align: center;\">_______<\/p>\n<p style=\"text-align: center;\"><strong>REGLAMENTO PARA AYUDA ECON\u00d3MICA<\/strong><\/p>\n<p style=\"text-align: center;\"><a class=\"more\" href=\"http:\/\/colegioinmaculada.com.ar\/Archivos\/Revista\/file\/ReglamentoBeca2013.pdf\" target=\"_blank\" rel=\"noopener\">Ayuda Econ\u00f3mica para 2013 &#8211; Nota Reglamento<\/a><\/p>\n","protected":false},"excerpt":{"rendered":"<p>HORARIO DE ATENCI\u00d3N 09:00 a 13:00 hs S\u00d3LO CON TURNO. Solicitarlo al (0351) 4217215 \u00f3 4215128 &nbsp; Personal Administrativo Prof. Dr. Claudio A. Sosa Prof. Lucas G\u00f3mez Sr. Marcos G\u00f3mez An. Jorge Castellano Srta. Mar\u00eda M\u00edas _______ &nbsp; ACCESO A AUTOGESTI\u00d3N DE ALUMNOS AUTOGESTI\u00d3N DE ALUMNOS _______ ACCESO A AUTOGESTI\u00d3N DE DOCENTES AUTOGESTI\u00d3N DE DOCENTES [&hellip;]<\/p>\n","protected":false},"author":4,"featured_media":0,"parent":0,"menu_order":0,"comment_status":"closed","ping_status":"closed","template":"","meta":{"_acf_changed":false,"footnotes":""},"class_list":["post-13588","page","type-page","status-publish","hentry"],"acf":[],"_links":{"self":[{"href":"https:\/\/colegioinmaculada.com.ar\/portal\/wp-json\/wp\/v2\/pages\/13588","targetHints":{"allow":["GET"]}}],"collection":[{"href":"https:\/\/colegioinmaculada.com.ar\/portal\/wp-json\/wp\/v2\/pages"}],"about":[{"href":"https:\/\/colegioinmaculada.com.ar\/portal\/wp-json\/wp\/v2\/types\/page"}],"author":[{"embeddable":true,"href":"https:\/\/colegioinmaculada.com.ar\/portal\/wp-json\/wp\/v2\/users\/4"}],"replies":[{"embeddable":true,"href":"https:\/\/colegioinmaculada.com.ar\/portal\/wp-json\/wp\/v2\/comments?post=13588"}],"version-history":[{"count":3,"href":"https:\/\/colegioinmaculada.com.ar\/portal\/wp-json\/wp\/v2\/pages\/13588\/revisions"}],"predecessor-version":[{"id":43696,"href":"https:\/\/colegioinmaculada.com.ar\/portal\/wp-json\/wp\/v2\/pages\/13588\/revisions\/43696"}],"wp:attachment":[{"href":"https:\/\/colegioinmaculada.com.ar\/portal\/wp-json\/wp\/v2\/media?parent=13588"}],"curies":[{"name":"wp","href":"https:\/\/api.w.org\/{rel}","templated":true}]}}

Administración

<p style="text-align: center;"><strong>HORARIO DE ATENCIÓN</strong></p>
<p style="text-align: center;"><strong> 09:00 a 13:00 hs</strong></p>
<p style="text-align: center;"><strong>SÓLO CON TURNO.</strong></p>
<p style="text-align: center;"><strong>Solicitarlo al (0351) 4217215 ó 4215128</strong></p>
<p>&nbsp;</p>
<h1 class="title" style="text-align: center;"><strong>Personal Administrativo</strong></h1>
<p style="text-align: center;">Prof. Dr. Claudio A. Sosa</p>
<p style="text-align: center;">Prof. Lucas Gómez</p>
<p style="text-align: center;">Sr. Marcos Gómez</p>
<p style="text-align: center;">An. Jorge Castellano</p>
<p style="text-align: center;">Srta. María Mías</p>
<p style="text-align: center;">_______</p>
<p>&nbsp;</p>
<p style="text-align: center;"><strong>ACCESO A AUTOGESTIÓN DE ALUMNOS</strong></p>
<p style="text-align: center;"><a href="http://f03b0f7f34cc.sn.mynetname.net/cursos/ingreso.asp" target="_blank" rel="noopener">AUTOGESTIÓN DE ALUMNOS</a></p>
<p style="text-align: center;">_______</p>
<p style="text-align: center;"><strong>ACCESO A AUTOGESTIÓN DE DOCENTES</strong></p>
<p style="text-align: center;"><a href="http://colegioinmaculada.com.ar/haberes/" target="_blank" rel="noopener">AUTOGESTIÓN DE DOCENTES</a></p>
<p style="text-align: center;">_______</p>
<p style="text-align: center;"><strong>REGLAMENTO PARA AYUDA ECONÓMICA</strong></p>
<p style="text-align: center;"><a class="more" href="http://colegioinmaculada.com.ar/Archivos/Revista/file/ReglamentoBeca2013.pdf" target="_blank" rel="noopener">Ayuda Económica para 2013 &#8211; Nota Reglamento</a></p>

<p>HORARIO DE ATENCIÓN 09:00 a 13:00 hs SÓLO CON TURNO. Solicitarlo al (0351) 4217215 ó 4215128 &nbsp; Personal Administrativo Prof. Dr. Claudio A. Sosa Prof. Lucas Gómez Sr. Marcos Gómez An. Jorge Castellano Srta. María Mías _______ &nbsp; ACCESO A AUTOGESTIÓN DE ALUMNOS AUTOGESTIÓN DE ALUMNOS _______ ACCESO A AUTOGESTIÓN DE DOCENTES AUTOGESTIÓN DE DOCENTES [&hellip;]</p>
