{"id":13428,"date":"2021-07-27T12:45:03","date_gmt":"2021-07-27T15:45:03","guid":{"rendered":"https:\/\/colegioinmaculada.com.ar\/portal\/?page_id=13428"},"modified":"2025-08-27T10:47:14","modified_gmt":"2025-08-27T13:47:14","slug":"perfil-estudiante-nivel-primario","status":"publish","type":"page","link":"https:\/\/colegioinmaculada.com.ar\/portal\/perfil-estudiante-nivel-primario\/","title":{"rendered":"Perfil Estudiante Nivel Primario"},"content":{"rendered":"<h2>PERFIL DEL EGRESADO DEL NIVEL PRIMARIO<\/h2>\n<p>El alumno al egresar de nuestro nivel ser\u00e1 capaz de:<\/p>\n<ul>\n<li>Desarrollar las capacidades de aprendizaje reflexivo y aut\u00f3nomo, motivando el desarrollo del pensamiento cr\u00edtico, con criterios de discernimiento y h\u00e1bitos de trabajo intelectual.<\/li>\n<li>Valorar la familia, la libertad, la participaci\u00f3n, la justicia y la paz.<\/li>\n<li>Aceptar la posibilidad de equivocarse y probar ensayos, explorar, investigar y rehacer, logrando mejores niveles de producci\u00f3n y reflexi\u00f3n.<\/li>\n<li>Conocer su capacidad personal, la aceptaci\u00f3n de s\u00ed mismo, la integraci\u00f3n y relaci\u00f3n con otras personas. Que sea capaz de autovalorarse.<\/li>\n<li>Escuchar las iniciativas de todos, fomentando la participaci\u00f3n y la creatividad.<\/li>\n<li>Valorar su salud f\u00edsica a trav\u00e9s del desarrollo de h\u00e1bitos higi\u00e9nicos, el deporte, la vida al aire libre y el cuidado del ambiente.<\/li>\n<li>Tomar conciencia de nuestro ser nacional y su participaci\u00f3n activa como ciudadano.<\/li>\n<li>Evitar expresiones y actitudes que ocasionen da\u00f1o al buen nombre del pr\u00f3jimo, al equilibrio de la comunidad y a todo lo que distorsione los sentimientos de fraternidad y caridad.<\/li>\n<li>Reconocerse como un ser creado \u00fanico e irrepetible a imagen y semejanza de Dios que lo reconoce como Padre ya Mar\u00eda como Madre.<\/li>\n<li>Cultivar las actitudes humanas, la convivencia fraternal y el esp\u00edritu del carisma de la familia franciscana.<\/li>\n<\/ul>\n","protected":false},"excerpt":{"rendered":"<p>PERFIL DEL EGRESADO DEL NIVEL PRIMARIO El alumno al egresar de nuestro nivel ser\u00e1 capaz de: Desarrollar las capacidades de aprendizaje reflexivo y aut\u00f3nomo, motivando el desarrollo del pensamiento cr\u00edtico, con criterios de discernimiento y h\u00e1bitos de trabajo intelectual. Valorar la familia, la libertad, la participaci\u00f3n, la justicia y la paz. Aceptar la posibilidad de [&hellip;]<\/p>\n","protected":false},"author":4,"featured_media":0,"parent":0,"menu_order":0,"comment_status":"closed","ping_status":"closed","template":"","meta":{"_acf_changed":false,"footnotes":""},"class_list":["post-13428","page","type-page","status-publish","hentry"],"acf":[],"_links":{"self":[{"href":"https:\/\/colegioinmaculada.com.ar\/portal\/wp-json\/wp\/v2\/pages\/13428","targetHints":{"allow":["GET"]}}],"collection":[{"href":"https:\/\/colegioinmaculada.com.ar\/portal\/wp-json\/wp\/v2\/pages"}],"about":[{"href":"https:\/\/colegioinmaculada.com.ar\/portal\/wp-json\/wp\/v2\/types\/page"}],"author":[{"embeddable":true,"href":"https:\/\/colegioinmaculada.com.ar\/portal\/wp-json\/wp\/v2\/users\/4"}],"replies":[{"embeddable":true,"href":"https:\/\/colegioinmaculada.com.ar\/portal\/wp-json\/wp\/v2\/comments?post=13428"}],"version-history":[{"count":4,"href":"https:\/\/colegioinmaculada.com.ar\/portal\/wp-json\/wp\/v2\/pages\/13428\/revisions"}],"predecessor-version":[{"id":43662,"href":"https:\/\/colegioinmaculada.com.ar\/portal\/wp-json\/wp\/v2\/pages\/13428\/revisions\/43662"}],"wp:attachment":[{"href":"https:\/\/colegioinmaculada.com.ar\/portal\/wp-json\/wp\/v2\/media?parent=13428"}],"curies":[{"name":"wp","href":"https:\/\/api.w.org\/{rel}","templated":true}]}}

<h2>PERFIL DEL EGRESADO DEL NIVEL PRIMARIO</h2>
<p>El alumno al egresar de nuestro nivel será capaz de:</p>
<ul>
<li>Desarrollar las capacidades de aprendizaje reflexivo y autónomo, motivando el desarrollo del pensamiento crítico, con criterios de discernimiento y hábitos de trabajo intelectual.</li>
<li>Valorar la familia, la libertad, la participación, la justicia y la paz.</li>
<li>Aceptar la posibilidad de equivocarse y probar ensayos, explorar, investigar y rehacer, logrando mejores niveles de producción y reflexión.</li>
<li>Conocer su capacidad personal, la aceptación de sí mismo, la integración y relación con otras personas. Que sea capaz de autovalorarse.</li>
<li>Escuchar las iniciativas de todos, fomentando la participación y la creatividad.</li>
<li>Valorar su salud física a través del desarrollo de hábitos higiénicos, el deporte, la vida al aire libre y el cuidado del ambiente.</li>
<li>Tomar conciencia de nuestro ser nacional y su participación activa como ciudadano.</li>
<li>Evitar expresiones y actitudes que ocasionen daño al buen nombre del prójimo, al equilibrio de la comunidad y a todo lo que distorsione los sentimientos de fraternidad y caridad.</li>
<li>Reconocerse como un ser creado único e irrepetible a imagen y semejanza de Dios que lo reconoce como Padre ya María como Madre.</li>
<li>Cultivar las actitudes humanas, la convivencia fraternal y el espíritu del carisma de la familia franciscana.</li>
</ul>

<p>PERFIL DEL EGRESADO DEL NIVEL PRIMARIO El alumno al egresar de nuestro nivel será capaz de: Desarrollar las capacidades de aprendizaje reflexivo y autónomo, motivando el desarrollo del pensamiento crítico, con criterios de discernimiento y hábitos de trabajo intelectual. Valorar la familia, la libertad, la participación, la justicia y la paz. Aceptar la posibilidad de [&hellip;]</p>
