{"id":13411,"date":"2021-07-27T11:49:46","date_gmt":"2021-07-27T14:49:46","guid":{"rendered":"https:\/\/colegioinmaculada.com.ar\/portal\/?page_id=13411"},"modified":"2025-08-27T11:22:58","modified_gmt":"2025-08-27T14:22:58","slug":"uniformes-nivel-primario","status":"publish","type":"page","link":"https:\/\/colegioinmaculada.com.ar\/portal\/uniformes-nivel-primario\/","title":{"rendered":"UNIFORMES NIVEL PRIMARIO"},"content":{"rendered":"<p><em><strong>Les damos la bienvenida a esta nueva etapa en la escolaridad de su ni\u00f1o\/a. A trav\u00e9s de la presente nota les acercamos algunas cuestiones pr\u00e1cticas.<\/strong><\/em><\/p>\n<h2 style=\"text-align: center;\"><span style=\"color: #000000;\"><strong>HORARIO ALUMNOS<\/strong><\/span><\/h2>\n<ul>\n<li style=\"list-style-type: none;\">\n<ul>\n<li style=\"list-style-type: none;\">\n<ul>\n<li style=\"list-style-type: none;\">\n<ul>\n<li>Turno ma\u00f1ana:<span style=\"color: #ff0000;\"><strong> 07:45 a 12:30 hs.<\/strong><\/span><\/li>\n<li>Turno tarde:<strong>\u00a0 \u00a0 \u00a0<span style=\"color: #ff0000;\"> 13:30 a 18:15 hs<\/span><\/strong><\/li>\n<\/ul>\n<\/li>\n<\/ul>\n<\/li>\n<\/ul>\n<\/li>\n<\/ul>\n<h2 style=\"text-align: center;\"><span style=\"color: #000000;\"><em>Respetar los horarios de entrada y salida<\/em><\/span><\/h2>\n<p>&nbsp;<\/p>\n<p><em>Es\u00a0 importante que tanto padres como transportistas acompa\u00f1en y retiren a los ni\u00f1os de la puerta del Colegio. <\/em><\/p>\n<p><em><strong><span style=\"color: #0000ff;\">\u00a0 \u00a0 \u00a0 \u00a0 \u00a0 \u00a0 \u00a0<span style=\"color: #000000;\"> \u00a0 \u00a0 \u00a0 \u00a0 \u00a0 SOLO\u00a0 PUEDE RETIRAR AL NI\u00d1O EL RESPONSABLE\u00a0 AUTORIZADO<\/span><\/span><span style=\"color: #000000;\">.<\/span><\/strong><\/em><\/p>\n<p>&nbsp;<\/p>\n<h2 style=\"text-align: center;\"><span style=\"color: #000000;\"><strong>Horario de Atenci\u00f3n de Direcci\u00f3n:<\/strong><\/span><\/h2>\n<p style=\"text-align: center;\"><strong>Lunes y jueves\u00a0<span style=\"color: #ff0000;\"> 10:30 a 12:00 hs\u00a0<\/span>\u00a0\u00a0\u00a0\u00a0\u00a0\u00a0\u00a0\u00a0\u00a0\u00a0\u00a0\u00a0\u00a0\u00a0\u00a0\u00a0\u00a0\u00a0\u00a0\u00a0\u00a0\u00a0\u00a0\u00a0\u00a0\u00a0 <\/strong><\/p>\n<h2 style=\"text-align: center;\"><span style=\"color: #000000;\"><strong>Horario de Secretar\u00eda<\/strong><\/span><\/h2>\n<p><strong>\u00a0 \u00a0 \u00a0 \u00a0 \u00a0 \u00a0 \u00a0 \u00a0 \u00a0 \u00a0 \u00a0 \u00a0 \u00a0 \u00a0 \u00a0 \u00a0 \u00a0 \u00a0 \u00a0 \u00a0 Lun y Jue<span style=\"color: #ff0000;\"> 07:30 a 12:30 h <\/span><\/strong>&#8211;\u00a0\u00a0 <strong>Mar, Mie y Vie<\/strong>\u00a0<strong><span style=\"color: #ff0000;\">14:00\u00a0a\u00a019:00\u00a0h<\/span><\/strong><\/p>\n<p>&nbsp;<\/p>\n<p>&nbsp;<\/p>\n<h1 style=\"text-align: center;\"><span style=\"color: #0000ff;\"><strong>UNIFORMES<\/strong><\/span><\/h1>\n<h2><strong>Uniforme nenas:<\/strong><\/h2>\n<ul>\n<li>Guardapolvo beige con vivos verdes.<\/li>\n<li>Chomba blanca con cuello polo azul del uniforme<\/li>\n<li>Pollera pantal\u00f3n gris<\/li>\n<li>Medias verdes.<\/li>\n<li>Zapatos negros o marrones.<\/li>\n<li>Abrigo polar azul del uniforme.<\/li>\n<li>Cabello recogido con cintas o colitas verdes.<\/li>\n<\/ul>\n<h2><strong>Uniforme varones<\/strong><\/h2>\n<ul>\n<li>Guardapolvo beige con cuello, pu\u00f1o y cinto marr\u00f3n.<\/li>\n<li>Chomba blanca con cuello polo azul del uniforme.<\/li>\n<li>Pantal\u00f3n gris.<\/li>\n<li>Medias azules o grises.<\/li>\n<li>Zapatos negros o marrones.<\/li>\n<li>Abrigo polar azul del uniforme.<\/li>\n<li>Cabello corto.<\/li>\n<\/ul>\n<p><span style=\"color: #000000;\"><em><strong>El guardapolvo, chomba y campera se puede adquirir en<\/strong><\/em><\/span><\/p>\n<ul>\n<li><span style=\"color: #3366ff;\"><strong>Asrin Sport (Av. Emilio Olmos 237)<\/strong><\/span><\/li>\n<li><span style=\"color: #3366ff;\"><strong>Covers House\u00a0\u00a0 (Gral. Alvear 51- Obispo Trejo 120)<\/strong><\/span><\/li>\n<\/ul>\n<p>&nbsp;<\/p>\n<p>Educaci\u00f3n F\u00edsica (nenas y varones)<\/p>\n<ul>\n<li>Equipo jogging azul.<\/li>\n<li>Remera blanca cuello a la base.<\/li>\n<li>Pantal\u00f3n corto blanco o azul.<\/li>\n<li>Medias blancas<\/li>\n<li>Zapatillas blancas o negras.<\/li>\n<li><span style=\"color: #0000ff;\"><em>El d\u00eda de Educaci\u00f3n F\u00edsica los ni\u00f1os asisten sin guardapolvo<\/em><\/span>.<\/li>\n<\/ul>\n<p><span style=\"color: #ff0000;\">La ficha m\u00e9dica debe ser entregada antes del 31 de marzo de cada ciclo lectivo.<\/span><\/p>\n","protected":false},"excerpt":{"rendered":"<p>Les damos la bienvenida a esta nueva etapa en la escolaridad de su ni\u00f1o\/a. A trav\u00e9s de la presente nota les acercamos algunas cuestiones pr\u00e1cticas. HORARIO ALUMNOS Turno ma\u00f1ana: 07:45 a 12:30 hs. Turno tarde:\u00a0 \u00a0 \u00a0 13:30 a 18:15 hs Respetar los horarios de entrada y salida &nbsp; Es\u00a0 importante que tanto padres como [&hellip;]<\/p>\n","protected":false},"author":4,"featured_media":0,"parent":0,"menu_order":0,"comment_status":"closed","ping_status":"closed","template":"","meta":{"_acf_changed":false,"footnotes":""},"class_list":["post-13411","page","type-page","status-publish","hentry"],"acf":[],"_links":{"self":[{"href":"https:\/\/colegioinmaculada.com.ar\/portal\/wp-json\/wp\/v2\/pages\/13411","targetHints":{"allow":["GET"]}}],"collection":[{"href":"https:\/\/colegioinmaculada.com.ar\/portal\/wp-json\/wp\/v2\/pages"}],"about":[{"href":"https:\/\/colegioinmaculada.com.ar\/portal\/wp-json\/wp\/v2\/types\/page"}],"author":[{"embeddable":true,"href":"https:\/\/colegioinmaculada.com.ar\/portal\/wp-json\/wp\/v2\/users\/4"}],"replies":[{"embeddable":true,"href":"https:\/\/colegioinmaculada.com.ar\/portal\/wp-json\/wp\/v2\/comments?post=13411"}],"version-history":[{"count":10,"href":"https:\/\/colegioinmaculada.com.ar\/portal\/wp-json\/wp\/v2\/pages\/13411\/revisions"}],"predecessor-version":[{"id":43673,"href":"https:\/\/colegioinmaculada.com.ar\/portal\/wp-json\/wp\/v2\/pages\/13411\/revisions\/43673"}],"wp:attachment":[{"href":"https:\/\/colegioinmaculada.com.ar\/portal\/wp-json\/wp\/v2\/media?parent=13411"}],"curies":[{"name":"wp","href":"https:\/\/api.w.org\/{rel}","templated":true}]}}

<p><em><strong>Les damos la bienvenida a esta nueva etapa en la escolaridad de su niño/a. A través de la presente nota les acercamos algunas cuestiones prácticas.</strong></em></p>
<h2 style="text-align: center;"><span style="color: #000000;"><strong>HORARIO ALUMNOS</strong></span></h2>
<ul>
<li style="list-style-type: none;">
<ul>
<li style="list-style-type: none;">
<ul>
<li style="list-style-type: none;">
<ul>
<li>Turno mañana:<span style="color: #ff0000;"><strong> 07:45 a 12:30 hs.</strong></span></li>
<li>Turno tarde:<strong>     <span style="color: #ff0000;"> 13:30 a 18:15 hs</span></strong></li>
</ul>
</li>
</ul>
</li>
</ul>
</li>
</ul>
<h2 style="text-align: center;"><span style="color: #000000;"><em>Respetar los horarios de entrada y salida</em></span></h2>
<p>&nbsp;</p>
<p><em>Es  importante que tanto padres como transportistas acompañen y retiren a los niños de la puerta del Colegio. </em></p>
<p><em><strong><span style="color: #0000ff;">             <span style="color: #000000;">           SOLO  PUEDE RETIRAR AL NIÑO EL RESPONSABLE  AUTORIZADO</span></span><span style="color: #000000;">.</span></strong></em></p>
<p>&nbsp;</p>
<h2 style="text-align: center;"><span style="color: #000000;"><strong>Horario de Atención de Dirección:</strong></span></h2>
<p style="text-align: center;"><strong>Lunes y jueves <span style="color: #ff0000;"> 10:30 a 12:00 hs </span>                           </strong></p>
<h2 style="text-align: center;"><span style="color: #000000;"><strong>Horario de Secretaría</strong></span></h2>
<p><strong>                                        Lun y Jue<span style="color: #ff0000;"> 07:30 a 12:30 h </span></strong>&#8211;   <strong>Mar, Mie y Vie</strong> <strong><span style="color: #ff0000;">14:00 a 19:00 h</span></strong></p>
<p>&nbsp;</p>
<p>&nbsp;</p>
<h1 style="text-align: center;"><span style="color: #0000ff;"><strong>UNIFORMES</strong></span></h1>
<h2><strong>Uniforme nenas:</strong></h2>
<ul>
<li>Guardapolvo beige con vivos verdes.</li>
<li>Chomba blanca con cuello polo azul del uniforme</li>
<li>Pollera pantalón gris</li>
<li>Medias verdes.</li>
<li>Zapatos negros o marrones.</li>
<li>Abrigo polar azul del uniforme.</li>
<li>Cabello recogido con cintas o colitas verdes.</li>
</ul>
<h2><strong>Uniforme varones</strong></h2>
<ul>
<li>Guardapolvo beige con cuello, puño y cinto marrón.</li>
<li>Chomba blanca con cuello polo azul del uniforme.</li>
<li>Pantalón gris.</li>
<li>Medias azules o grises.</li>
<li>Zapatos negros o marrones.</li>
<li>Abrigo polar azul del uniforme.</li>
<li>Cabello corto.</li>
</ul>
<p><span style="color: #000000;"><em><strong>El guardapolvo, chomba y campera se puede adquirir en</strong></em></span></p>
<ul>
<li><span style="color: #3366ff;"><strong>Asrin Sport (Av. Emilio Olmos 237)</strong></span></li>
<li><span style="color: #3366ff;"><strong>Covers House   (Gral. Alvear 51- Obispo Trejo 120)</strong></span></li>
</ul>
<p>&nbsp;</p>
<p>Educación Física (nenas y varones)</p>
<ul>
<li>Equipo jogging azul.</li>
<li>Remera blanca cuello a la base.</li>
<li>Pantalón corto blanco o azul.</li>
<li>Medias blancas</li>
<li>Zapatillas blancas o negras.</li>
<li><span style="color: #0000ff;"><em>El día de Educación Física los niños asisten sin guardapolvo</em></span>.</li>
</ul>
<p><span style="color: #ff0000;">La ficha médica debe ser entregada antes del 31 de marzo de cada ciclo lectivo.</span></p>

<p>Les damos la bienvenida a esta nueva etapa en la escolaridad de su niño/a. A través de la presente nota les acercamos algunas cuestiones prácticas. HORARIO ALUMNOS Turno mañana: 07:45 a 12:30 hs. Turno tarde:      13:30 a 18:15 hs Respetar los horarios de entrada y salida &nbsp; Es  importante que tanto padres como [&hellip;]</p>
