{"id":13205,"date":"2021-07-01T15:40:08","date_gmt":"2021-07-01T18:40:08","guid":{"rendered":"https:\/\/colegioinmaculada.com.ar\/portal\/?page_id=13205"},"modified":"2021-07-01T15:40:08","modified_gmt":"2021-07-01T18:40:08","slug":"proyecto-educativo-nivel-secundario","status":"publish","type":"page","link":"https:\/\/colegioinmaculada.com.ar\/portal\/proyecto-educativo-nivel-secundario\/","title":{"rendered":"Proyecto Educativo Nivel Secundario"},"content":{"rendered":"<p>El Instituto de la Inmaculada contrae el compromiso de asumir la educaci\u00f3n de los j\u00f3venes como una tarea comunitaria, procurando desarrollar, desde lo personal de cada uno de ellos, la construcci\u00f3n de su propio proyecto de vida en armon\u00eda con las caracter\u00edsticas de cada persona, en la \u00e9poca que nos toca vivir, con la dignidad de ser hijos de Dios.<\/p>\n<ul>\n<li>El Instituto desea inculcar en sus alumnos valores como:<\/li>\n<li>Libertad y responsabilidad<\/li>\n<li>Respeto y amor al pr\u00f3jimo<\/li>\n<li>Justicia y verdad<\/li>\n<li>Sinceridad<\/li>\n<li>Paz y Bien, como s\u00edntesis del carisma Franciscano.<\/li>\n<\/ul>\n","protected":false},"excerpt":{"rendered":"<p>El Instituto de la Inmaculada contrae el compromiso de asumir la educaci\u00f3n de los j\u00f3venes como una tarea comunitaria, procurando desarrollar, desde lo personal de cada uno de ellos, la construcci\u00f3n de su propio proyecto de vida en armon\u00eda con las caracter\u00edsticas de cada persona, en la \u00e9poca que nos toca vivir, con la dignidad [&hellip;]<\/p>\n","protected":false},"author":4,"featured_media":0,"parent":0,"menu_order":0,"comment_status":"closed","ping_status":"closed","template":"","meta":{"_acf_changed":false,"footnotes":""},"class_list":["post-13205","page","type-page","status-publish","hentry"],"acf":[],"_links":{"self":[{"href":"https:\/\/colegioinmaculada.com.ar\/portal\/wp-json\/wp\/v2\/pages\/13205","targetHints":{"allow":["GET"]}}],"collection":[{"href":"https:\/\/colegioinmaculada.com.ar\/portal\/wp-json\/wp\/v2\/pages"}],"about":[{"href":"https:\/\/colegioinmaculada.com.ar\/portal\/wp-json\/wp\/v2\/types\/page"}],"author":[{"embeddable":true,"href":"https:\/\/colegioinmaculada.com.ar\/portal\/wp-json\/wp\/v2\/users\/4"}],"replies":[{"embeddable":true,"href":"https:\/\/colegioinmaculada.com.ar\/portal\/wp-json\/wp\/v2\/comments?post=13205"}],"version-history":[{"count":1,"href":"https:\/\/colegioinmaculada.com.ar\/portal\/wp-json\/wp\/v2\/pages\/13205\/revisions"}],"predecessor-version":[{"id":13206,"href":"https:\/\/colegioinmaculada.com.ar\/portal\/wp-json\/wp\/v2\/pages\/13205\/revisions\/13206"}],"wp:attachment":[{"href":"https:\/\/colegioinmaculada.com.ar\/portal\/wp-json\/wp\/v2\/media?parent=13205"}],"curies":[{"name":"wp","href":"https:\/\/api.w.org\/{rel}","templated":true}]}}

<p>El Instituto de la Inmaculada contrae el compromiso de asumir la educación de los jóvenes como una tarea comunitaria, procurando desarrollar, desde lo personal de cada uno de ellos, la construcción de su propio proyecto de vida en armonía con las características de cada persona, en la época que nos toca vivir, con la dignidad de ser hijos de Dios.</p>
<ul>
<li>El Instituto desea inculcar en sus alumnos valores como:</li>
<li>Libertad y responsabilidad</li>
<li>Respeto y amor al prójimo</li>
<li>Justicia y verdad</li>
<li>Sinceridad</li>
<li>Paz y Bien, como síntesis del carisma Franciscano.</li>
</ul>

<p>El Instituto de la Inmaculada contrae el compromiso de asumir la educación de los jóvenes como una tarea comunitaria, procurando desarrollar, desde lo personal de cada uno de ellos, la construcción de su propio proyecto de vida en armonía con las características de cada persona, en la época que nos toca vivir, con la dignidad [&hellip;]</p>
