{"id":12508,"date":"2021-04-29T14:42:55","date_gmt":"2021-04-29T17:42:55","guid":{"rendered":"https:\/\/colegioinmaculada.com.ar\/portal\/?page_id=12508"},"modified":"2024-08-24T08:50:27","modified_gmt":"2024-08-24T11:50:27","slug":"organizacion-nivel-inicial","status":"publish","type":"page","link":"https:\/\/colegioinmaculada.com.ar\/portal\/organizacion-nivel-inicial\/","title":{"rendered":"Organizaci\u00f3n Nivel Inicial"},"content":{"rendered":"<div>\n<p>El Nivel Inicial consta en la actualidad con dos turnos, ma\u00f1ana y tarde.<\/p>\n<ul>\n<li>El <strong>turno Ma\u00f1ana<\/strong> consta de una sala de 3 a\u00f1os, dos salas de 4 a\u00f1os y una de 5 a\u00f1os.<\/li>\n<li>El <strong>turno Tarde<\/strong> consta de una sala de 3 a\u00f1os, una sala de 4 a\u00f1os y dos salas de 5 a\u00f1os.<\/li>\n<\/ul>\n<p>Las mismas est\u00e1n conformadas por grupos mixtos, siendo requisito tener la edad correspondiente o cumplirla hasta el 30 de junio del a\u00f1o en curso.<\/p>\n<\/div>\n<div>\n<p>Los aprendizajes que reciben los ni\u00f1os, abarcan las \u00e1reas de ciencias sociales, naturales y tecnolog\u00eda,\u00a0 matem\u00e1tica, lengua y literatura, educaci\u00f3n art\u00edstica, m\u00fasica, expresi\u00f3n corporal y teatral, educaci\u00f3n f\u00edsica, identidad y convivencia, ingl\u00e9s, computaci\u00f3n y catequesis.<\/p>\n<\/div>\n<div>\n<p>Los horarios del nivel son:<\/p>\n<p>Turno Ma\u00f1ana de <strong>8:45<\/strong>hs a <strong>12:15<\/strong>hs<\/p>\n<p>Turno Tarde de <strong>14:30<\/strong>hs a <strong>18<\/strong>hs.<\/p>\n<p><strong><em>\u00abPre hora opcional\u00bb<\/em><\/strong><\/p>\n<p><strong>\u00a0 \u00a0 \u00a0 \u00a0 \u00a0 7:45 Turno ma\u00f1ana<\/strong><\/p>\n<p><strong>\u00a0 \u00a0 \u00a0 \u00a0 13:30 Turno tarde<\/strong><\/p>\n<\/div>\n<p>El Nivel cuenta con espacios recreativos dentro del establecimiento y comparte junto con el resto del Colegio el Campo de Deportes \u00abEl Carmelo\u00bb en el cual se llevan a cabo encuentros familiares y recreativos.<\/p>\n","protected":false},"excerpt":{"rendered":"<p>El Nivel Inicial consta en la actualidad con dos turnos, ma\u00f1ana y tarde. El turno Ma\u00f1ana consta de una sala de 3 a\u00f1os, dos salas de 4 a\u00f1os y una de 5 a\u00f1os. El turno Tarde consta de una sala de 3 a\u00f1os, una sala de 4 a\u00f1os y dos salas de 5 a\u00f1os. Las [&hellip;]<\/p>\n","protected":false},"author":4,"featured_media":0,"parent":0,"menu_order":0,"comment_status":"closed","ping_status":"closed","template":"","meta":{"_acf_changed":false,"footnotes":""},"class_list":["post-12508","page","type-page","status-publish","hentry"],"acf":[],"_links":{"self":[{"href":"https:\/\/colegioinmaculada.com.ar\/portal\/wp-json\/wp\/v2\/pages\/12508","targetHints":{"allow":["GET"]}}],"collection":[{"href":"https:\/\/colegioinmaculada.com.ar\/portal\/wp-json\/wp\/v2\/pages"}],"about":[{"href":"https:\/\/colegioinmaculada.com.ar\/portal\/wp-json\/wp\/v2\/types\/page"}],"author":[{"embeddable":true,"href":"https:\/\/colegioinmaculada.com.ar\/portal\/wp-json\/wp\/v2\/users\/4"}],"replies":[{"embeddable":true,"href":"https:\/\/colegioinmaculada.com.ar\/portal\/wp-json\/wp\/v2\/comments?post=12508"}],"version-history":[{"count":9,"href":"https:\/\/colegioinmaculada.com.ar\/portal\/wp-json\/wp\/v2\/pages\/12508\/revisions"}],"predecessor-version":[{"id":37273,"href":"https:\/\/colegioinmaculada.com.ar\/portal\/wp-json\/wp\/v2\/pages\/12508\/revisions\/37273"}],"wp:attachment":[{"href":"https:\/\/colegioinmaculada.com.ar\/portal\/wp-json\/wp\/v2\/media?parent=12508"}],"curies":[{"name":"wp","href":"https:\/\/api.w.org\/{rel}","templated":true}]}}