{"id":12388,"date":"2021-04-20T17:17:47","date_gmt":"2021-04-20T20:17:47","guid":{"rendered":"https:\/\/colegioinmaculada.com.ar\/portal\/?page_id=12388"},"modified":"2021-11-19T08:15:16","modified_gmt":"2021-11-19T11:15:16","slug":"oracion-del-dia","status":"publish","type":"page","link":"https:\/\/colegioinmaculada.com.ar\/portal\/pastoral\/oracion-del-dia\/","title":{"rendered":"Oraci\u00f3n del d\u00eda"},"content":{"rendered":"<p>Oraci\u00f3n de la ma\u00f1ana \u2013 Viernes 19 de Noviembre<\/p>\n<p>&#x1f506; Querida Comunidad<br \/>\n\u00a1Buenos d\u00edas! \u00a1Paz y bien!<\/p>\n<p>&#x1f4ab; \u00a1Muy buen Viernes! Hoy finalizamos nuestra semana, rezando y cantando. Jes\u00fas hoy nos dice: \u00abSi quieres te acompa\u00f1o en el camino\u00bb<\/p>\n<p><iframe loading=\"lazy\" title=\"Si quieres, te acompa\u00f1o en el camino - Eduardo Meana\" width=\"500\" height=\"281\" src=\"https:\/\/www.youtube.com\/embed\/YBoAzIo8gPY?feature=oembed\" frameborder=\"0\" allow=\"accelerometer; autoplay; clipboard-write; encrypted-media; gyroscope; picture-in-picture; web-share\" referrerpolicy=\"strict-origin-when-cross-origin\" allowfullscreen><\/iframe><\/p>\n","protected":false},"excerpt":{"rendered":"<p>Oraci\u00f3n de la ma\u00f1ana \u2013 Viernes 19 de Noviembre &#x1f506; Querida Comunidad \u00a1Buenos d\u00edas! \u00a1Paz y bien! &#x1f4ab; \u00a1Muy buen Viernes! Hoy finalizamos nuestra semana, rezando y cantando. Jes\u00fas hoy nos dice: \u00abSi quieres te acompa\u00f1o en el camino\u00bb<\/p>\n","protected":false},"author":4,"featured_media":0,"parent":12357,"menu_order":0,"comment_status":"closed","ping_status":"closed","template":"","meta":{"_acf_changed":false,"footnotes":""},"class_list":["post-12388","page","type-page","status-publish","hentry"],"acf":[],"_links":{"self":[{"href":"https:\/\/colegioinmaculada.com.ar\/portal\/wp-json\/wp\/v2\/pages\/12388","targetHints":{"allow":["GET"]}}],"collection":[{"href":"https:\/\/colegioinmaculada.com.ar\/portal\/wp-json\/wp\/v2\/pages"}],"about":[{"href":"https:\/\/colegioinmaculada.com.ar\/portal\/wp-json\/wp\/v2\/types\/page"}],"author":[{"embeddable":true,"href":"https:\/\/colegioinmaculada.com.ar\/portal\/wp-json\/wp\/v2\/users\/4"}],"replies":[{"embeddable":true,"href":"https:\/\/colegioinmaculada.com.ar\/portal\/wp-json\/wp\/v2\/comments?post=12388"}],"version-history":[{"count":176,"href":"https:\/\/colegioinmaculada.com.ar\/portal\/wp-json\/wp\/v2\/pages\/12388\/revisions"}],"predecessor-version":[{"id":14768,"href":"https:\/\/colegioinmaculada.com.ar\/portal\/wp-json\/wp\/v2\/pages\/12388\/revisions\/14768"}],"up":[{"embeddable":true,"href":"https:\/\/colegioinmaculada.com.ar\/portal\/wp-json\/wp\/v2\/pages\/12357"}],"wp:attachment":[{"href":"https:\/\/colegioinmaculada.com.ar\/portal\/wp-json\/wp\/v2\/media?parent=12388"}],"curies":[{"name":"wp","href":"https:\/\/api.w.org\/{rel}","templated":true}]}}